alculate m(10).
51
Let x(f) = 2*f**3 - 32*f**2 + 707*f - 12597. What is x(17)?
0
Let i(m) = -2*m**3 + 7*m**2 + 61*m - 73. Give i(7).
11
Let g(d) = d**2 - 89*d - 3742. Calculate g(120).
-22
Let t(l) = -4408*l - 44100. What is t(-10)?
-20
Let q(g) = 37*g - 306. Calculate q(9).
27
Let b(m) = -m**3 + 11*m**2 + 124*m - 10. Give b(-7).
4
Let z(u) = 16*u**2 - 713*u - 324. Give z(45).
-9
Let t(j) = 12*j - 183. Calculate t(16).
9
Let a(r) = 130*r - 975. What is a(7)?
-65
Let y(n) = 32*n - 1081. Determine y(34).
7
Let c(n) = n**3 + 28*n**2 + 26*n + 265. Calculate c(-28).
-463
Let q(f) = f - 49. Calculate q(45).
-4
Let s(y) = 3*y**2 - 122*y + 111. What is s(40)?
31
Let g(v) = v**3 - 69*v**2 - 21*v + 1453. Determine g(69).
4
Let x(s) = -2*s**2 - 162*s + 503. Calculate x(3).
-1
Let j(f) = -43*f + 275. What is j(9)?
-112
Let g(m) = 2*m**2 - 27*m + 30. Give g(13).
17
Let n(b) = -b**3 + 12*b**2 + 48*b - 268. Calculate n(14).
12
Let x(z) = -3*z**3 + 28*z**2 + 57*z + 12. Calculate x(11).
34
Let k(x) = 36*x**2 - 442*x + 135. What is k(12)?
15
Let o(k) = 12*k**2 - 10*k - 18. Give o(-5).
332
Let i(f) = 3*f + 373. Calculate i(-11).
340
Let b(m) = -m**2 + 305*m - 5954. Give b(21).
10
Let s(l) = 1687*l - 11814. Determine s(7).
-5
Let q(f) = -f**3 + 17*f - 26. Determine q(2).
0
Let u(j) = -j**2 - j + 47. Calculate u(6).
5
Let n(q) = 1580*q - 11066. Give n(7).
-6
Let a(r) = -366*r - 5127. What is a(-14)?
-3
Let p(r) = -r**3 - 23*r**2 + 51*r - 1. Determine p(-25).
-26
Let n(z) = -230*z - 1996. Determine n(-11).
534
Let h(w) = -11*w - 67. Determine h(2).
-89
Let w(a) = -2*a**3 + 369*a**2 + 1331*a - 2803. Determine w(188).
17
Let r(n) = 9*n**2 - 3*n + 11. Determine r(-4).
167
Let k(u) = u**3 - 2417*u**2 - 7262*u - 4. What is k(-3)?
2
Let t(s) = -577*s + 4042. Calculate t(7).
3
Let f(n) = -2*n**2 - 14*n + 112. What is f(5)?
-8
Let c(m) = -m**2 + 185*m + 7193. Give c(218).
-1
Let x(s) = -10*s**2 - 22*s - 23. Give x(0).
-23
Let m(o) = -32*o**2 + 74*o - 72. Determine m(1).
-30
Let x(a) = 7*a**2 + 106*a - 26. Give x(-15).
-41
Let s(f) = -26*f - 2080. Give s(-80).
0
Let s(v) = v**3 - 40*v**2 + 152*v - 343. Calculate s(36).
-55
Let x(a) = -31*a + 4025. Give x(130).
-5
Let c(b) = -137*b + 4593. What is c(31)?
346
Let q(a) = -a**2 - 30*a - 169. Determine q(-18).
47
Let c(l) = -107*l - 14958. Give c(-140).
22
Let k(q) = q**3 + 25*q**2 - 74*q + 262. Determine k(-28).
-18
Let d(y) = 2436*y - 9800. Determine d(4).
-56
Let h(i) = -99*i**2 - 286*i + 284. Calculate h(1).
-101
Let z(w) = -2*w**3 + 4*w**2 + 21*w - 1. What is z(5)?
-46
Let h(g) = -12*g - 27. What is h(-7)?
57
Let h(p) = -p**3 + 76*p**2 - 133*p - 6282. Calculate h(73).
-4
Let u(d) = 2*d**3 + 8*d**2 - 6*d - 44. Calculate u(-4).
-20
Let s(r) = 7*r**2 - 92*r - 306. Give s(-3).
33
Let y(i) = -34*i - 544. Calculate y(-16).
0
Let a(u) = -7*u + 370. Determine a(52).
6
Let w(k) = 507*k + 20. Determine w(1).
527
Let g(c) = -5*c**2 + 29*c + 3. Calculate g(5).
23
Let x(c) = -27*c - 549. Calculate x(-33).
342
Let d(p) = -p**3 - 3*p**2 + 7*p + 2. Determine d(2).
-4
Let q(n) = 2*n**2 + 166*n + 801. Determine q(-5).
21
Let i(a) = 3*a**2 + 32*a - 31. Calculate i(1).
4
Let x(g) = 127*g - 417. Calculate x(4).
91
Let f(v) = 22*v**2 + 5*v - 13. Calculate f(3).
200
Let c(l) = 11*l**2 + 19*l - 67. What is c(3)?
89
Let h(p) = -p**3 - 25*p**2 + 167*p + 74. Give h(6).
-40
Let z(u) = u**2 + 74*u - 816. Calculate z(10).
24
Let p(i) = i**3 + 12*i**2 + 17*i - 83. What is p(-5)?
7
Let q(t) = -2*t**2 + 7679*t - 23025. Determine q(3).
-6
Let p(r) = r**2 + 97*r - 709. Calculate p(-100).
-409
Let f(w) = -160*w - 16954. Calculate f(-106).
6
Let y(k) = -3*k**2 + 89*k - 49. Determine y(29).
9
Let c(m) = -122*m + 907. Calculate c(10).
-313
Let a(q) = 2*q**2 - 79*q - 3774. Determine a(-28).
6
Let z(f) = 73*f + 6996. Calculate z(-96).
-12
Let y(i) = 536*i - 2180. Determine y(5).
500
Let a(k) = 3*k**2 + 309*k + 1477. What is a(-5)?
7
Let t(l) = 694*l + 709. Determine t(-1).
15
Let z(w) = -6081*w - 6086. Give z(-1).
-5
Let d(s) = -9*s + 658. Calculate d(54).
172
Let v(x) = x**3 - 40*x**2 + x + 118. Calculate v(40).
158
Let f(o) = -15*o - 92. Give f(-7).
13
Let g(i) = 11*i + 194. What is g(-18)?
-4
Let m(p) = -p**2 - 242*p + 3322. Determine m(13).
7
Let y(f) = -104*f - 26. Determine y(-1).
78
Let c(b) = -20*b**2 - 239*b + 241. What is c(1)?
-18
Let i(p) = 55*p + 702. Calculate i(-14).
-68
Let o(m) = -m**3 + 19*m**2 + 75*m - 1413. Determine o(19).
12
Let s(h) = h**3 - 7*h**2 - 322*h + 2494. Determine s(8).
-18
Let d(g) = 52*g**2 + g - 4. What is d(-2)?
202
Let s(v) = 3*v - 14. Determine s(-7).
-35
Let n(a) = -6*a + 271. Determine n(43).
13
Let i(x) = -180*x + 1618. Determine i(9).
-2
Let s(u) = u**3 + 69*u**2 + 320*u - 31. Determine s(-64).
-31
Let g(y) = -376*y + 35339. Calculate g(94).
-5
Let f(r) = -892*r - 2681. What is f(-3)?
-5
Let u(l) = l**2 + 228*l + 12194. Give u(-86).
-18
Let x(h) = -5*h**2 - 428*h + 117. Calculate x(-86).
-55
Let v(w) = -19*w - 2032. Give v(-107).
1
Let u(f) = -f**3 - 2*f**2 + f - 17. Give u(0).
-17
Let m(a) = -118*a**2 + 131*a - 14. What is m(1)?
-1
Let q(f) = 4*f**3 - 13*f**2 - 11*f - 4. Determine q(4).
0
Let w(d) = 2*d**3 + 73*d**2 - 37*d + 85. Determine w(-37).
85
Let z(j) = 15*j + 5. Calculate z(-1).
-10
Let i(j) = -j**3 + 9*j**2 + 3*j + 21. Give i(11).
-188
Let o(q) = -7*q**2 + 274*q - 57. Give o(39).
-18
Let m(u) = u**3 - 12*u**2 + 6*u + 43. Determine m(10).
-97
Let n(v) = 5*v + 201. Determine n(-44).
-19
Let h(q) = q**3 + 30*q**2 - 133*q + 75. What is h(-34)?
-27
Let h(j) = -j**3 - j**2 + 109*j - 2. Calculate h(0).
-2
Let w(j) = -24*j - 298. Give w(-21).
206
Let v(l) = l**3 + 10*l**2 + 17*l + 31. Give v(-6).
73
Let l(n) = -4*n**2 + 256*n + 4004. Calculate l(77).
0
Let j(v) = -v**2 + 2*v + 17. What is j(-3)?
2
Let f(y) = -3*y**2 - 151*y - 385. Determine f(-46).
213
Let z(m) = -21*m**2 + 9*m - 10. Determine z(1).
-22
Let c(g) = -5*g**2 + 33*g - 34. What is c(9)?
-142
Let i(k) = -k**2 - 42*k - 354. Determine i(-12).
6
Let i(k) = k**3 + 17*k**2 - 109*k - 975. What is i(-20)?
5
Let t(j) = -j**3 - 14*j**2 - 37*j - 295. What is t(-13)?
17
Let h(l) = -2*l**3 + 21*l**2 - 22*l + 369. Give h(11).
6
Let t(g) = -4*g**3 + 32*g**2 - 7*g + 52. Give t(8).
-4
Let n(a) = -a**2 + 8*a + 114. What is n(-7)?
9
Let u(p) = -278*p - 829. What is u(-3)?
5
Let a(p) = -p**2 + 4*p + 964. Give a(-29).
7
Let y(u) = -52*u + 162. Calculate y(2).
58
Let r(j) = -2*j**2 - 72*j - 24. What is r(-35)?
46
Let z(i) = i**3 - 9*i**2 - 2*i + 216. What is z(0)?
216
Let p(t) = 138*t - 850. Calculate p(12).
806
Let c(n) = 360*n + 3287. What is c(-9)?
47
Let w(n) = 79*n - 948. Give w(12).
0
Let l(b) = b**3 - 10*b**2 + 41*b - 175. Give l(10).
235
Let q(b) = -3*b**3 - 91*b**2 + 66*b + 114. Calculate q(-31).
-10
Let l(m) = -3*m**2 + 127*m - 202. Determine l(38).
292
Let p(o) = 4*o**3 - 9*o**2 - 11*o + 15. Give p(5).
235
Let k(s) = -3*s**2 - 359*s - 237. Calculate k(-119).
1
Let v(b) = 1144*b**2 - 5*b - 8. Give v(-1).
1141
Let w(j) = -j**3 - 13*j**2 - 14*j - 31. Calculate w(-12).
-7
Let k(v) = -1204*v + 9573. Calculate k(8).
-59
Let j(k) = -3*k**3 - 26*k**2 - 10*k + 29. What is j(-8)?
-19
Let z(l) = -l**3 + 8*l**2 - 48*l + 220. Give z(6).
4
Let u(r) = 50*r**2 + 36*r + 78. Determine u(-3).
420
Let b(m) = -m**3 - 232*m**2 - 15*m - 3472. Determine b(-232).
8
Let o(i) = 4*i**3 - i**2 + 20*i + 49. Determine o(-6).
-971
Let m(b) = 4*b**2 - 19*b - 51. Determine m(5).
-46
Let t(y) = y**3 - 22*y**2 + 92*y + 58. Calculate t(16).
-6
Let v(o) = o**3 - 13*o**2 + 94*o - 628. Determine v(10).
12
Let l(y) = -596*y - 198466. What is l(-333)?
2
Let c(h) = -567*h - 2840. What is c(-5)?
-5
Let g(f) = -2*f**2 - 166*f + 2724. Give g(14).
8
Let z(o) = 52*o + 302. Calculate z(-5).
42
Let h(g) = -2*g**2 + 227*g - 107. Calculate h(113).
6
Let s(v) = -4*v**2 + 88*v - 231. Give s(19).
-3
Let n(h) = 2*h**3 - 83*h**2 + 53*h - 347. Calculate n(41).
145
Let b(i) = -i**3 + 16*i**2 + 38*i - 50. Determine b(18).
-14
Let n(d) = -25*d - 2145. Calculate n(-86).
5
Let m(u) = u**3 + 58*u**2 + 740*u - 3. Give m(-39).
36
Let i(x) = 5776*x + 11545. Determine i(-2).
-7
Let t(r) = -r**2 - 143*r + 12937. Determine t(63).
-41
Let a(m) = m**3 - 24*m**2 + 104*m + 21. Determine a(6).
-3
Let n(b) = -b**2 - 177*b - 1348. What is 